{"id":1777,"date":"2021-03-24T13:20:21","date_gmt":"2021-03-24T12:20:21","guid":{"rendered":"https:\/\/www.coopelectricas.com\/cooperativas-electricas\/electrica-de-guadassuar-s-c-v\/"},"modified":"2024-10-21T12:24:42","modified_gmt":"2024-10-21T10:24:42","slug":"electrica-de-guadassuar-s-c-v","status":"publish","type":"cooperativas","link":"https:\/\/www.coopelectricas.com\/val\/cooperativas-electricas\/electrica-de-guadassuar-s-c-v\/","title":{"rendered":"El\u00e8ctrica de Guadassuar Coop. V."},"content":{"rendered":"","protected":false},"featured_media":0,"template":"","meta":[],"class_list":["post-1777","cooperativas","type-cooperativas","status-publish","hentry"],"yoast_head":"<!-- This site is optimized with the Yoast SEO plugin v27.4 - https:\/\/yoast.com\/product\/yoast-seo-wordpress\/ -->\n<title>El\u00e8ctrica de Guadassuar Coop. V. - Federaci\u00f3n de Cooperativas El\u00e9ctricas<\/title>\n<meta name=\"robots\" content=\"index, follow, max-snippet:-1, max-image-preview:large, max-video-preview:-1\" \/>\n<link rel=\"canonical\" href=\"https:\/\/www.coopelectricas.com\/val\/cooperativas-electricas\/electrica-de-guadassuar-s-c-v\/\" \/>\n<meta property=\"og:locale\" content=\"en_US\" \/>\n<meta property=\"og:type\" content=\"article\" \/>\n<meta property=\"og:title\" content=\"El\u00e8ctrica de Guadassuar Coop. V. - Federaci\u00f3n de Cooperativas El\u00e9ctricas\" \/>\n<meta property=\"og:url\" content=\"https:\/\/www.coopelectricas.com\/val\/cooperativas-electricas\/electrica-de-guadassuar-s-c-v\/\" \/>\n<meta property=\"og:site_name\" content=\"Federaci\u00f3n de Cooperativas El\u00e9ctricas\" \/>\n<meta property=\"article:modified_time\" content=\"2024-10-21T10:24:42+00:00\" \/>\n<meta property=\"og:image\" content=\"https:\/\/www.coopelectricas.com\/wp-content\/uploads\/2021\/03\/federacion-cooperativas-electricas-socias-08.jpg\" \/>\n\t<meta property=\"og:image:width\" content=\"313\" \/>\n\t<meta property=\"og:image:height\" content=\"150\" \/>\n\t<meta property=\"og:image:type\" content=\"image\/jpeg\" \/>\n<meta name=\"twitter:card\" content=\"summary_large_image\" \/>\n<script type=\"application\/ld+json\" class=\"yoast-schema-graph\">{\"@context\":\"https:\\\/\\\/schema.org\",\"@graph\":[{\"@type\":\"WebPage\",\"@id\":\"https:\\\/\\\/www.coopelectricas.com\\\/val\\\/cooperativas-electricas\\\/electrica-de-guadassuar-s-c-v\\\/\",\"url\":\"https:\\\/\\\/www.coopelectricas.com\\\/val\\\/cooperativas-electricas\\\/electrica-de-guadassuar-s-c-v\\\/\",\"name\":\"El\u00e8ctrica de Guadassuar Coop. V. - Federaci\u00f3n de Cooperativas El\u00e9ctricas\",\"isPartOf\":{\"@id\":\"https:\\\/\\\/www.coopelectricas.com\\\/#website\"},\"datePublished\":\"2021-03-24T12:20:21+00:00\",\"dateModified\":\"2024-10-21T10:24:42+00:00\",\"breadcrumb\":{\"@id\":\"https:\\\/\\\/www.coopelectricas.com\\\/val\\\/cooperativas-electricas\\\/electrica-de-guadassuar-s-c-v\\\/#breadcrumb\"},\"inLanguage\":\"ca\",\"potentialAction\":[{\"@type\":\"ReadAction\",\"target\":[\"https:\\\/\\\/www.coopelectricas.com\\\/val\\\/cooperativas-electricas\\\/electrica-de-guadassuar-s-c-v\\\/\"]}]},{\"@type\":\"BreadcrumbList\",\"@id\":\"https:\\\/\\\/www.coopelectricas.com\\\/val\\\/cooperativas-electricas\\\/electrica-de-guadassuar-s-c-v\\\/#breadcrumb\",\"itemListElement\":[{\"@type\":\"ListItem\",\"position\":1,\"name\":\"Portada\",\"item\":\"https:\\\/\\\/www.coopelectricas.com\\\/\"},{\"@type\":\"ListItem\",\"position\":2,\"name\":\"Cooperativas\",\"item\":\"https:\\\/\\\/www.coopelectricas.com\\\/val\\\/cooperativas-electricas\\\/\"},{\"@type\":\"ListItem\",\"position\":3,\"name\":\"El\u00e8ctrica de Guadassuar Coop. V.\"}]},{\"@type\":\"WebSite\",\"@id\":\"https:\\\/\\\/www.coopelectricas.com\\\/#website\",\"url\":\"https:\\\/\\\/www.coopelectricas.com\\\/\",\"name\":\"Federaci\u00f3n de Cooperativas El\u00e9ctricas\",\"description\":\"\",\"publisher\":{\"@id\":\"https:\\\/\\\/www.coopelectricas.com\\\/#organization\"},\"potentialAction\":[{\"@type\":\"SearchAction\",\"target\":{\"@type\":\"EntryPoint\",\"urlTemplate\":\"https:\\\/\\\/www.coopelectricas.com\\\/?s={search_term_string}\"},\"query-input\":{\"@type\":\"PropertyValueSpecification\",\"valueRequired\":true,\"valueName\":\"search_term_string\"}}],\"inLanguage\":\"ca\"},{\"@type\":\"Organization\",\"@id\":\"https:\\\/\\\/www.coopelectricas.com\\\/#organization\",\"name\":\"Federaci\u00f3n de Cooperativas El\u00e9ctricas Comunidad Valenciana\",\"url\":\"https:\\\/\\\/www.coopelectricas.com\\\/\",\"logo\":{\"@type\":\"ImageObject\",\"inLanguage\":\"ca\",\"@id\":\"https:\\\/\\\/www.coopelectricas.com\\\/#\\\/schema\\\/logo\\\/image\\\/\",\"url\":\"https:\\\/\\\/www.coopelectricas.com\\\/wp-content\\\/uploads\\\/2021\\\/02\\\/federacion-cooperativas-electricas-logo.jpg\",\"contentUrl\":\"https:\\\/\\\/www.coopelectricas.com\\\/wp-content\\\/uploads\\\/2021\\\/02\\\/federacion-cooperativas-electricas-logo.jpg\",\"width\":323,\"height\":101,\"caption\":\"Federaci\u00f3n de Cooperativas El\u00e9ctricas Comunidad Valenciana\"},\"image\":{\"@id\":\"https:\\\/\\\/www.coopelectricas.com\\\/#\\\/schema\\\/logo\\\/image\\\/\"}}]}<\/script>\n<!-- \/ Yoast SEO plugin. -->","yoast_head_json":{"title":"El\u00e8ctrica de Guadassuar Coop. V. - Federaci\u00f3n de Cooperativas El\u00e9ctricas","robots":{"index":"index","follow":"follow","max-snippet":"max-snippet:-1","max-image-preview":"max-image-preview:large","max-video-preview":"max-video-preview:-1"},"canonical":"https:\/\/www.coopelectricas.com\/val\/cooperativas-electricas\/electrica-de-guadassuar-s-c-v\/","og_locale":"en_US","og_type":"article","og_title":"El\u00e8ctrica de Guadassuar Coop. V. - Federaci\u00f3n de Cooperativas El\u00e9ctricas","og_url":"https:\/\/www.coopelectricas.com\/val\/cooperativas-electricas\/electrica-de-guadassuar-s-c-v\/","og_site_name":"Federaci\u00f3n de Cooperativas El\u00e9ctricas","article_modified_time":"2024-10-21T10:24:42+00:00","og_image":[{"width":313,"height":150,"url":"https:\/\/www.coopelectricas.com\/wp-content\/uploads\/2021\/03\/federacion-cooperativas-electricas-socias-08.jpg","type":"image\/jpeg"}],"twitter_card":"summary_large_image","schema":{"@context":"https:\/\/schema.org","@graph":[{"@type":"WebPage","@id":"https:\/\/www.coopelectricas.com\/val\/cooperativas-electricas\/electrica-de-guadassuar-s-c-v\/","url":"https:\/\/www.coopelectricas.com\/val\/cooperativas-electricas\/electrica-de-guadassuar-s-c-v\/","name":"El\u00e8ctrica de Guadassuar Coop. V. - Federaci\u00f3n de Cooperativas El\u00e9ctricas","isPartOf":{"@id":"https:\/\/www.coopelectricas.com\/#website"},"datePublished":"2021-03-24T12:20:21+00:00","dateModified":"2024-10-21T10:24:42+00:00","breadcrumb":{"@id":"https:\/\/www.coopelectricas.com\/val\/cooperativas-electricas\/electrica-de-guadassuar-s-c-v\/#breadcrumb"},"inLanguage":"ca","potentialAction":[{"@type":"ReadAction","target":["https:\/\/www.coopelectricas.com\/val\/cooperativas-electricas\/electrica-de-guadassuar-s-c-v\/"]}]},{"@type":"BreadcrumbList","@id":"https:\/\/www.coopelectricas.com\/val\/cooperativas-electricas\/electrica-de-guadassuar-s-c-v\/#breadcrumb","itemListElement":[{"@type":"ListItem","position":1,"name":"Portada","item":"https:\/\/www.coopelectricas.com\/"},{"@type":"ListItem","position":2,"name":"Cooperativas","item":"https:\/\/www.coopelectricas.com\/val\/cooperativas-electricas\/"},{"@type":"ListItem","position":3,"name":"El\u00e8ctrica de Guadassuar Coop. V."}]},{"@type":"WebSite","@id":"https:\/\/www.coopelectricas.com\/#website","url":"https:\/\/www.coopelectricas.com\/","name":"Federaci\u00f3n de Cooperativas El\u00e9ctricas","description":"","publisher":{"@id":"https:\/\/www.coopelectricas.com\/#organization"},"potentialAction":[{"@type":"SearchAction","target":{"@type":"EntryPoint","urlTemplate":"https:\/\/www.coopelectricas.com\/?s={search_term_string}"},"query-input":{"@type":"PropertyValueSpecification","valueRequired":true,"valueName":"search_term_string"}}],"inLanguage":"ca"},{"@type":"Organization","@id":"https:\/\/www.coopelectricas.com\/#organization","name":"Federaci\u00f3n de Cooperativas El\u00e9ctricas Comunidad Valenciana","url":"https:\/\/www.coopelectricas.com\/","logo":{"@type":"ImageObject","inLanguage":"ca","@id":"https:\/\/www.coopelectricas.com\/#\/schema\/logo\/image\/","url":"https:\/\/www.coopelectricas.com\/wp-content\/uploads\/2021\/02\/federacion-cooperativas-electricas-logo.jpg","contentUrl":"https:\/\/www.coopelectricas.com\/wp-content\/uploads\/2021\/02\/federacion-cooperativas-electricas-logo.jpg","width":323,"height":101,"caption":"Federaci\u00f3n de Cooperativas El\u00e9ctricas Comunidad Valenciana"},"image":{"@id":"https:\/\/www.coopelectricas.com\/#\/schema\/logo\/image\/"}}]}},"_links":{"self":[{"href":"https:\/\/www.coopelectricas.com\/val\/wp-json\/wp\/v2\/cooperativas\/1777","targetHints":{"allow":["GET"]}}],"collection":[{"href":"https:\/\/www.coopelectricas.com\/val\/wp-json\/wp\/v2\/cooperativas"}],"about":[{"href":"https:\/\/www.coopelectricas.com\/val\/wp-json\/wp\/v2\/types\/cooperativas"}],"version-history":[{"count":2,"href":"https:\/\/www.coopelectricas.com\/val\/wp-json\/wp\/v2\/cooperativas\/1777\/revisions"}],"predecessor-version":[{"id":2468,"href":"https:\/\/www.coopelectricas.com\/val\/wp-json\/wp\/v2\/cooperativas\/1777\/revisions\/2468"}],"wp:attachment":[{"href":"https:\/\/www.coopelectricas.com\/val\/wp-json\/wp\/v2\/media?parent=1777"}],"curies":[{"name":"wp","href":"https:\/\/api.w.org\/{rel}","templated":true}]}}

Elèctrica de Guadassuar Coop. V.

<!-- This site is optimized with the Yoast SEO plugin v27.4 - https://yoast.com/product/yoast-seo-wordpress/ -->
<title>Elèctrica de Guadassuar Coop. V. - Federación de Cooperativas Eléctricas</title>
<meta name="robots" content="index, follow, max-snippet:-1, max-image-preview:large, max-video-preview:-1" />
<link rel="canonical" href="https://www.coopelectricas.com/val/cooperativas-electricas/electrica-de-guadassuar-s-c-v/" />
<meta property="og:locale" content="en_US" />
<meta property="og:type" content="article" />
<meta property="og:title" content="Elèctrica de Guadassuar Coop. V. - Federación de Cooperativas Eléctricas" />
<meta property="og:url" content="https://www.coopelectricas.com/val/cooperativas-electricas/electrica-de-guadassuar-s-c-v/" />
<meta property="og:site_name" content="Federación de Cooperativas Eléctricas" />
<meta property="article:modified_time" content="2024-10-21T10:24:42+00:00" />
<meta property="og:image" content="https://www.coopelectricas.com/wp-content/uploads/2021/03/federacion-cooperativas-electricas-socias-08.jpg" />
	<meta property="og:image:width" content="313" />
	<meta property="og:image:height" content="150" />
	<meta property="og:image:type" content="image/jpeg" />
<meta name="twitter:card" content="summary_large_image" />
<script type="application/ld+json" class="yoast-schema-graph">{"@context":"https:\/\/schema.org","@graph":[{"@type":"WebPage","@id":"https:\/\/www.coopelectricas.com\/val\/cooperativas-electricas\/electrica-de-guadassuar-s-c-v\/","url":"https:\/\/www.coopelectricas.com\/val\/cooperativas-electricas\/electrica-de-guadassuar-s-c-v\/","name":"Elèctrica de Guadassuar Coop. V. - Federación de Cooperativas Eléctricas","isPartOf":{"@id":"https:\/\/www.coopelectricas.com\/#website"},"datePublished":"2021-03-24T12:20:21+00:00","dateModified":"2024-10-21T10:24:42+00:00","breadcrumb":{"@id":"https:\/\/www.coopelectricas.com\/val\/cooperativas-electricas\/electrica-de-guadassuar-s-c-v\/#breadcrumb"},"inLanguage":"ca","potentialAction":[{"@type":"ReadAction","target":["https:\/\/www.coopelectricas.com\/val\/cooperativas-electricas\/electrica-de-guadassuar-s-c-v\/"]}]},{"@type":"BreadcrumbList","@id":"https:\/\/www.coopelectricas.com\/val\/cooperativas-electricas\/electrica-de-guadassuar-s-c-v\/#breadcrumb","itemListElement":[{"@type":"ListItem","position":1,"name":"Portada","item":"https:\/\/www.coopelectricas.com\/"},{"@type":"ListItem","position":2,"name":"Cooperativas","item":"https:\/\/www.coopelectricas.com\/val\/cooperativas-electricas\/"},{"@type":"ListItem","position":3,"name":"Elèctrica de Guadassuar Coop. V."}]},{"@type":"WebSite","@id":"https:\/\/www.coopelectricas.com\/#website","url":"https:\/\/www.coopelectricas.com\/","name":"Federación de Cooperativas Eléctricas","description":"","publisher":{"@id":"https:\/\/www.coopelectricas.com\/#organization"},"potentialAction":[{"@type":"SearchAction","target":{"@type":"EntryPoint","urlTemplate":"https:\/\/www.coopelectricas.com\/?s={search_term_string}"},"query-input":{"@type":"PropertyValueSpecification","valueRequired":true,"valueName":"search_term_string"}}],"inLanguage":"ca"},{"@type":"Organization","@id":"https:\/\/www.coopelectricas.com\/#organization","name":"Federación de Cooperativas Eléctricas Comunidad Valenciana","url":"https:\/\/www.coopelectricas.com\/","logo":{"@type":"ImageObject","inLanguage":"ca","@id":"https:\/\/www.coopelectricas.com\/#\/schema\/logo\/image\/","url":"https:\/\/www.coopelectricas.com\/wp-content\/uploads\/2021\/02\/federacion-cooperativas-electricas-logo.jpg","contentUrl":"https:\/\/www.coopelectricas.com\/wp-content\/uploads\/2021\/02\/federacion-cooperativas-electricas-logo.jpg","width":323,"height":101,"caption":"Federación de Cooperativas Eléctricas Comunidad Valenciana"},"image":{"@id":"https:\/\/www.coopelectricas.com\/#\/schema\/logo\/image\/"}}]}</script>
<!-- / Yoast SEO plugin. -->

Elèctrica de Guadassuar Coop. V. - Federación de Cooperativas Eléctricas

Federación de Cooperativas Eléctricas

Federación de Cooperativas Eléctricas Comunidad Valenciana
