{"id":1722,"date":"2021-03-04T13:46:39","date_gmt":"2021-03-04T12:46:39","guid":{"rendered":"https:\/\/www.coopelectricas.com\/contacte\/"},"modified":"2021-05-04T10:57:11","modified_gmt":"2021-05-04T08:57:11","slug":"contacte","status":"publish","type":"page","link":"https:\/\/www.coopelectricas.com\/val\/contacte\/","title":{"rendered":"Contacte"},"content":{"rendered":"\t\t<div data-elementor-type=\"wp-page\" data-elementor-id=\"1722\" class=\"elementor elementor-1722 elementor-58\" data-elementor-post-type=\"page\">\n\t\t\t\t\t\t<section class=\"elementor-section elementor-top-section elementor-element elementor-element-45ae792 elementor-section-height-min-height elementor-section-items-stretch elementor-section-boxed elementor-section-height-default\" data-id=\"45ae792\" data-element_type=\"section\" data-e-type=\"section\" data-settings=\"{&quot;background_background&quot;:&quot;classic&quot;,&quot;jet_parallax_layout_list&quot;:[{&quot;jet_parallax_layout_image&quot;:{&quot;url&quot;:&quot;&quot;,&quot;id&quot;:&quot;&quot;,&quot;size&quot;:&quot;&quot;},&quot;_id&quot;:&quot;9da89d1&quot;,&quot;jet_parallax_layout_image_tablet&quot;:{&quot;url&quot;:&quot;&quot;,&quot;id&quot;:&quot;&quot;,&quot;size&quot;:&quot;&quot;},&quot;jet_parallax_layout_image_mobile&quot;:{&quot;url&quot;:&quot;&quot;,&quot;id&quot;:&quot;&quot;,&quot;size&quot;:&quot;&quot;},&quot;jet_parallax_layout_speed&quot;:{&quot;unit&quot;:&quot;%&quot;,&quot;size&quot;:50,&quot;sizes&quot;:[]},&quot;jet_parallax_layout_type&quot;:&quot;scroll&quot;,&quot;jet_parallax_layout_direction&quot;:&quot;1&quot;,&quot;jet_parallax_layout_fx_direction&quot;:null,&quot;jet_parallax_layout_z_index&quot;:&quot;&quot;,&quot;jet_parallax_layout_bg_x&quot;:50,&quot;jet_parallax_layout_bg_x_tablet&quot;:&quot;&quot;,&quot;jet_parallax_layout_bg_x_mobile&quot;:&quot;&quot;,&quot;jet_parallax_layout_bg_y&quot;:50,&quot;jet_parallax_layout_bg_y_tablet&quot;:&quot;&quot;,&quot;jet_parallax_layout_bg_y_mobile&quot;:&quot;&quot;,&quot;jet_parallax_layout_bg_size&quot;:&quot;auto&quot;,&quot;jet_parallax_layout_bg_size_tablet&quot;:&quot;&quot;,&quot;jet_parallax_layout_bg_size_mobile&quot;:&quot;&quot;,&quot;jet_parallax_layout_animation_prop&quot;:&quot;transform&quot;,&quot;jet_parallax_layout_on&quot;:[&quot;desktop&quot;,&quot;tablet&quot;]}],&quot;background_motion_fx_motion_fx_mouse&quot;:&quot;yes&quot;,&quot;background_motion_fx_mouseTrack_effect&quot;:&quot;yes&quot;,&quot;background_motion_fx_mouseTrack_speed&quot;:{&quot;unit&quot;:&quot;px&quot;,&quot;size&quot;:0.5,&quot;sizes&quot;:[]}}\">\n\t\t\t\t\t\t<div class=\"elementor-container elementor-column-gap-wider\">\n\t\t\t\t\t<div class=\"elementor-column elementor-col-50 elementor-top-column elementor-element elementor-element-3d1198f elementor-hidden-phone\" data-id=\"3d1198f\" data-element_type=\"column\" data-e-type=\"column\">\n\t\t\t<div class=\"elementor-widget-wrap\">\n\t\t\t\t\t\t\t<\/div>\n\t\t<\/div>\n\t\t\t\t<div class=\"elementor-column elementor-col-50 elementor-top-column elementor-element elementor-element-bc4da98 elementor-invisible\" data-id=\"bc4da98\" data-element_type=\"column\" data-e-type=\"column\" data-settings=\"{&quot;background_background&quot;:&quot;classic&quot;,&quot;animation&quot;:&quot;fadeInRight&quot;}\">\n\t\t\t<div class=\"elementor-widget-wrap elementor-element-populated\">\n\t\t\t\t\t\t<div class=\"elementor-element elementor-element-00b176a elementor-widget elementor-widget-heading\" data-id=\"00b176a\" data-element_type=\"widget\" data-e-type=\"widget\" data-widget_type=\"heading.default\">\n\t\t\t\t<div class=\"elementor-widget-container\">\n\t\t\t\t\t<h1 class=\"elementor-heading-title elementor-size-default\">Contacta amb nosaltres<\/h1>\t\t\t\t<\/div>\n\t\t\t\t<\/div>\n\t\t\t\t<div class=\"elementor-element elementor-element-6ce260f elementor-widget elementor-widget-contact-form-7\" data-id=\"6ce260f\" data-element_type=\"widget\" data-e-type=\"widget\" data-widget_type=\"contact-form-7.default\">\n\t\t\t\t<div class=\"elementor-widget-container\">\n\t\t\t\t\t<div class=\"elementor-contact-form-7 jet-elements\">\n<div class=\"wpcf7 no-js\" id=\"wpcf7-f1900-o1\" lang=\"val\" dir=\"ltr\" data-wpcf7-id=\"1900\">\n<div class=\"screen-reader-response\"><p role=\"status\" aria-live=\"polite\" aria-atomic=\"true\"><\/p> <ul><\/ul><\/div>\n<form action=\"\/val\/wp-json\/wp\/v2\/pages\/1722#wpcf7-f1900-o1\" method=\"post\" class=\"wpcf7-form init\" aria-label=\"Contact form\" novalidate=\"novalidate\" data-status=\"init\">\n<fieldset class=\"hidden-fields-container\"><input type=\"hidden\" name=\"_wpcf7\" value=\"1900\" \/><input type=\"hidden\" name=\"_wpcf7_version\" value=\"6.1.5\" \/><input type=\"hidden\" name=\"_wpcf7_locale\" value=\"val\" \/><input type=\"hidden\" name=\"_wpcf7_unit_tag\" value=\"wpcf7-f1900-o1\" \/><input type=\"hidden\" name=\"_wpcf7_container_post\" value=\"0\" \/><input type=\"hidden\" name=\"_wpcf7_posted_data_hash\" value=\"\" \/><input type=\"hidden\" name=\"_wpcf7_recaptcha_response\" value=\"\" \/>\n<\/fieldset>\n<div class=\"cf-container\">\n\t<div class=\"cf-col-6\">\n\t\t<p><span class=\"wpcf7-form-control-wrap\" data-name=\"nombre-apellidos\"><input size=\"40\" maxlength=\"400\" class=\"wpcf7-form-control wpcf7-text wpcf7-validates-as-required\" aria-required=\"true\" aria-invalid=\"false\" placeholder=\"Nom i Cognoms\" value=\"\" type=\"text\" name=\"nombre-apellidos\" \/><\/span>\n\t\t<\/p>\n\t<\/div>\n\t<div class=\"cf-col-6\">\n\t\t<p><span class=\"wpcf7-form-control-wrap\" data-name=\"telefono\"><input size=\"40\" maxlength=\"400\" class=\"wpcf7-form-control wpcf7-tel wpcf7-validates-as-required wpcf7-text wpcf7-validates-as-tel\" aria-required=\"true\" aria-invalid=\"false\" placeholder=\"Tel\u00e8fon\" value=\"\" type=\"tel\" name=\"telefono\" \/><\/span>\n\t\t<\/p>\n\t<\/div>\n\t<div class=\"cf-col-6\">\n\t\t<p><span class=\"wpcf7-form-control-wrap\" data-name=\"email\"><input size=\"40\" maxlength=\"400\" class=\"wpcf7-form-control wpcf7-email wpcf7-validates-as-required wpcf7-text wpcf7-validates-as-email\" aria-required=\"true\" aria-invalid=\"false\" placeholder=\"Email\" value=\"\" type=\"email\" name=\"email\" \/><\/span>\n\t\t<\/p>\n\t<\/div>\n\t<div class=\"cf-col-6\">\n\t\t<p><span class=\"wpcf7-form-control-wrap\" data-name=\"asunto\"><input size=\"40\" maxlength=\"400\" class=\"wpcf7-form-control wpcf7-text\" aria-invalid=\"false\" placeholder=\"Assumpte\" value=\"\" type=\"text\" name=\"asunto\" \/><\/span>\n\t\t<\/p>\n\t<\/div>\n\t<div class=\"cf-col-12\">\n\t\t<p><span class=\"wpcf7-form-control-wrap\" data-name=\"comentarios\"><textarea cols=\"40\" rows=\"3\" maxlength=\"2000\" class=\"wpcf7-form-control wpcf7-textarea wpcf7-validates-as-required\" aria-required=\"true\" aria-invalid=\"false\" placeholder=\"Comentaris\" name=\"comentarios\"><\/textarea><\/span>\n\t\t<\/p>\n\t<\/div>\n\t<div class=\"cf-col-12 centrado\">\n\t\t<p><span class=\"wpcf7-form-control-wrap\" data-name=\"acceptance-271\"><span class=\"wpcf7-form-control wpcf7-acceptance\"><span class=\"wpcf7-list-item\"><label><input type=\"checkbox\" name=\"acceptance-271\" value=\"1\" aria-invalid=\"false\" \/><span class=\"wpcf7-list-item-label\">Accepte la <a href=\"https:\/\/www.coopelectricas.com\/val\/politica-de-privacitat\/\" target=\"_blank\">pol\u00edtica de protecci\u00f3 de dades.<\/a><\/span><\/label><\/span><\/span><\/span>\n\t\t<\/p>\n\t<\/div>\n\t<div class=\"cf-col-12 centrado sin-margen\">\n\t\t<p><input class=\"wpcf7-form-control wpcf7-submit has-spinner\" type=\"submit\" value=\"CONTACTAR\" \/>\n\t\t<\/p>\n\t<\/div>\n<\/div><div class=\"wpcf7-response-output\" aria-hidden=\"true\"><\/div>\n<\/form>\n<\/div>\n<\/div>\t\t\t\t<\/div>\n\t\t\t\t<\/div>\n\t\t\t\t\t<\/div>\n\t\t<\/div>\n\t\t\t\t\t<\/div>\n\t\t<\/section>\n\t\t\t\t<\/div>\n\t\t","protected":false},"excerpt":{"rendered":"<p>Contacta amb nosaltres Accepte la pol\u00edtica de protecci\u00f3 de dades Aquesta p\u00e0gina web est\u00e0 protegida per reCAPTCHA i aplica la Pol\u00edtica de privacitat i Termes de servei de Google.<\/p>\n","protected":false},"author":1,"featured_media":0,"parent":0,"menu_order":5,"comment_status":"closed","ping_status":"closed","template":"","meta":{"footnotes":""},"class_list":["post-1722","page","type-page","status-publish","hentry"],"yoast_head":"<!-- This site is optimized with the Yoast SEO plugin v27.4 - https:\/\/yoast.com\/product\/yoast-seo-wordpress\/ -->\n<title>Federaci\u00f3 Cooperatives El\u00e9ctriques - Contacta amb nosaltres<\/title>\n<meta name=\"description\" content=\"Contacta amb la Federaci\u00f3 de Cooperatives El\u00e8ctriques de la Comunitat Valenciana. Ser\u00e0 un plaer respondre els teus dubtes.\" \/>\n<meta name=\"robots\" content=\"index, follow, max-snippet:-1, max-image-preview:large, max-video-preview:-1\" \/>\n<link rel=\"canonical\" href=\"https:\/\/www.coopelectricas.com\/val\/contacte\/\" \/>\n<meta property=\"og:locale\" content=\"en_US\" \/>\n<meta property=\"og:type\" content=\"article\" \/>\n<meta property=\"og:title\" content=\"Federaci\u00f3 Cooperatives El\u00e9ctriques - Contacta amb nosaltres\" \/>\n<meta property=\"og:description\" content=\"Contacta amb la Federaci\u00f3 de Cooperatives El\u00e8ctriques de la Comunitat Valenciana. Ser\u00e0 un plaer respondre els teus dubtes.\" \/>\n<meta property=\"og:url\" content=\"https:\/\/www.coopelectricas.com\/val\/contacte\/\" \/>\n<meta property=\"og:site_name\" content=\"Federaci\u00f3n de Cooperativas El\u00e9ctricas\" \/>\n<meta property=\"article:modified_time\" content=\"2021-05-04T08:57:11+00:00\" \/>\n<meta property=\"og:image\" content=\"https:\/\/www.coopelectricas.com\/wp-content\/uploads\/2021\/05\/federacion-cooperativas-electricas-05.jpg\" \/>\n\t<meta property=\"og:image:width\" content=\"1200\" \/>\n\t<meta property=\"og:image:height\" content=\"630\" \/>\n\t<meta property=\"og:image:type\" content=\"image\/jpeg\" \/>\n<meta name=\"twitter:card\" content=\"summary_large_image\" \/>\n<meta name=\"twitter:title\" content=\"Federaci\u00f3 Cooperatives El\u00e9ctriques - Contacta amb nosaltres\" \/>\n<meta name=\"twitter:description\" content=\"Contacta amb la Federaci\u00f3 de Cooperatives El\u00e8ctriques de la Comunitat Valenciana. Ser\u00e0 un plaer respondre els teus dubtes.\" \/>\n<meta name=\"twitter:image\" content=\"https:\/\/www.coopelectricas.com\/wp-content\/uploads\/2021\/05\/federacion-cooperativas-electricas-05.jpg\" \/>\n<meta name=\"twitter:label1\" content=\"Est. reading time\" \/>\n\t<meta name=\"twitter:data1\" content=\"1 minut\" \/>\n<script type=\"application\/ld+json\" class=\"yoast-schema-graph\">{\"@context\":\"https:\\\/\\\/schema.org\",\"@graph\":[{\"@type\":\"WebPage\",\"@id\":\"https:\\\/\\\/www.coopelectricas.com\\\/val\\\/contacte\\\/\",\"url\":\"https:\\\/\\\/www.coopelectricas.com\\\/val\\\/contacte\\\/\",\"name\":\"Federaci\u00f3 Cooperatives El\u00e9ctriques - Contacta amb nosaltres\",\"isPartOf\":{\"@id\":\"https:\\\/\\\/www.coopelectricas.com\\\/#website\"},\"datePublished\":\"2021-03-04T12:46:39+00:00\",\"dateModified\":\"2021-05-04T08:57:11+00:00\",\"description\":\"Contacta amb la Federaci\u00f3 de Cooperatives El\u00e8ctriques de la Comunitat Valenciana. Ser\u00e0 un plaer respondre els teus dubtes.\",\"breadcrumb\":{\"@id\":\"https:\\\/\\\/www.coopelectricas.com\\\/val\\\/contacte\\\/#breadcrumb\"},\"inLanguage\":\"ca\",\"potentialAction\":[{\"@type\":\"ReadAction\",\"target\":[\"https:\\\/\\\/www.coopelectricas.com\\\/val\\\/contacte\\\/\"]}]},{\"@type\":\"BreadcrumbList\",\"@id\":\"https:\\\/\\\/www.coopelectricas.com\\\/val\\\/contacte\\\/#breadcrumb\",\"itemListElement\":[{\"@type\":\"ListItem\",\"position\":1,\"name\":\"Portada\",\"item\":\"https:\\\/\\\/www.coopelectricas.com\\\/\"},{\"@type\":\"ListItem\",\"position\":2,\"name\":\"Contacte\"}]},{\"@type\":\"WebSite\",\"@id\":\"https:\\\/\\\/www.coopelectricas.com\\\/#website\",\"url\":\"https:\\\/\\\/www.coopelectricas.com\\\/\",\"name\":\"Federaci\u00f3n de Cooperativas El\u00e9ctricas\",\"description\":\"\",\"publisher\":{\"@id\":\"https:\\\/\\\/www.coopelectricas.com\\\/#organization\"},\"potentialAction\":[{\"@type\":\"SearchAction\",\"target\":{\"@type\":\"EntryPoint\",\"urlTemplate\":\"https:\\\/\\\/www.coopelectricas.com\\\/?s={search_term_string}\"},\"query-input\":{\"@type\":\"PropertyValueSpecification\",\"valueRequired\":true,\"valueName\":\"search_term_string\"}}],\"inLanguage\":\"ca\"},{\"@type\":\"Organization\",\"@id\":\"https:\\\/\\\/www.coopelectricas.com\\\/#organization\",\"name\":\"Federaci\u00f3n de Cooperativas El\u00e9ctricas Comunidad Valenciana\",\"url\":\"https:\\\/\\\/www.coopelectricas.com\\\/\",\"logo\":{\"@type\":\"ImageObject\",\"inLanguage\":\"ca\",\"@id\":\"https:\\\/\\\/www.coopelectricas.com\\\/#\\\/schema\\\/logo\\\/image\\\/\",\"url\":\"https:\\\/\\\/www.coopelectricas.com\\\/wp-content\\\/uploads\\\/2021\\\/02\\\/federacion-cooperativas-electricas-logo.jpg\",\"contentUrl\":\"https:\\\/\\\/www.coopelectricas.com\\\/wp-content\\\/uploads\\\/2021\\\/02\\\/federacion-cooperativas-electricas-logo.jpg\",\"width\":323,\"height\":101,\"caption\":\"Federaci\u00f3n de Cooperativas El\u00e9ctricas Comunidad Valenciana\"},\"image\":{\"@id\":\"https:\\\/\\\/www.coopelectricas.com\\\/#\\\/schema\\\/logo\\\/image\\\/\"}}]}<\/script>\n<!-- \/ Yoast SEO plugin. -->","yoast_head_json":{"title":"Federaci\u00f3 Cooperatives El\u00e9ctriques - Contacta amb nosaltres","description":"Contacta amb la Federaci\u00f3 de Cooperatives El\u00e8ctriques de la Comunitat Valenciana. Ser\u00e0 un plaer respondre els teus dubtes.","robots":{"index":"index","follow":"follow","max-snippet":"max-snippet:-1","max-image-preview":"max-image-preview:large","max-video-preview":"max-video-preview:-1"},"canonical":"https:\/\/www.coopelectricas.com\/val\/contacte\/","og_locale":"en_US","og_type":"article","og_title":"Federaci\u00f3 Cooperatives El\u00e9ctriques - Contacta amb nosaltres","og_description":"Contacta amb la Federaci\u00f3 de Cooperatives El\u00e8ctriques de la Comunitat Valenciana. Ser\u00e0 un plaer respondre els teus dubtes.","og_url":"https:\/\/www.coopelectricas.com\/val\/contacte\/","og_site_name":"Federaci\u00f3n de Cooperativas El\u00e9ctricas","article_modified_time":"2021-05-04T08:57:11+00:00","og_image":[{"width":1200,"height":630,"url":"https:\/\/www.coopelectricas.com\/wp-content\/uploads\/2021\/05\/federacion-cooperativas-electricas-05.jpg","type":"image\/jpeg"}],"twitter_card":"summary_large_image","twitter_title":"Federaci\u00f3 Cooperatives El\u00e9ctriques - Contacta amb nosaltres","twitter_description":"Contacta amb la Federaci\u00f3 de Cooperatives El\u00e8ctriques de la Comunitat Valenciana. Ser\u00e0 un plaer respondre els teus dubtes.","twitter_image":"https:\/\/www.coopelectricas.com\/wp-content\/uploads\/2021\/05\/federacion-cooperativas-electricas-05.jpg","twitter_misc":{"Est. reading time":"1 minut"},"schema":{"@context":"https:\/\/schema.org","@graph":[{"@type":"WebPage","@id":"https:\/\/www.coopelectricas.com\/val\/contacte\/","url":"https:\/\/www.coopelectricas.com\/val\/contacte\/","name":"Federaci\u00f3 Cooperatives El\u00e9ctriques - Contacta amb nosaltres","isPartOf":{"@id":"https:\/\/www.coopelectricas.com\/#website"},"datePublished":"2021-03-04T12:46:39+00:00","dateModified":"2021-05-04T08:57:11+00:00","description":"Contacta amb la Federaci\u00f3 de Cooperatives El\u00e8ctriques de la Comunitat Valenciana. Ser\u00e0 un plaer respondre els teus dubtes.","breadcrumb":{"@id":"https:\/\/www.coopelectricas.com\/val\/contacte\/#breadcrumb"},"inLanguage":"ca","potentialAction":[{"@type":"ReadAction","target":["https:\/\/www.coopelectricas.com\/val\/contacte\/"]}]},{"@type":"BreadcrumbList","@id":"https:\/\/www.coopelectricas.com\/val\/contacte\/#breadcrumb","itemListElement":[{"@type":"ListItem","position":1,"name":"Portada","item":"https:\/\/www.coopelectricas.com\/"},{"@type":"ListItem","position":2,"name":"Contacte"}]},{"@type":"WebSite","@id":"https:\/\/www.coopelectricas.com\/#website","url":"https:\/\/www.coopelectricas.com\/","name":"Federaci\u00f3n de Cooperativas El\u00e9ctricas","description":"","publisher":{"@id":"https:\/\/www.coopelectricas.com\/#organization"},"potentialAction":[{"@type":"SearchAction","target":{"@type":"EntryPoint","urlTemplate":"https:\/\/www.coopelectricas.com\/?s={search_term_string}"},"query-input":{"@type":"PropertyValueSpecification","valueRequired":true,"valueName":"search_term_string"}}],"inLanguage":"ca"},{"@type":"Organization","@id":"https:\/\/www.coopelectricas.com\/#organization","name":"Federaci\u00f3n de Cooperativas El\u00e9ctricas Comunidad Valenciana","url":"https:\/\/www.coopelectricas.com\/","logo":{"@type":"ImageObject","inLanguage":"ca","@id":"https:\/\/www.coopelectricas.com\/#\/schema\/logo\/image\/","url":"https:\/\/www.coopelectricas.com\/wp-content\/uploads\/2021\/02\/federacion-cooperativas-electricas-logo.jpg","contentUrl":"https:\/\/www.coopelectricas.com\/wp-content\/uploads\/2021\/02\/federacion-cooperativas-electricas-logo.jpg","width":323,"height":101,"caption":"Federaci\u00f3n de Cooperativas El\u00e9ctricas Comunidad Valenciana"},"image":{"@id":"https:\/\/www.coopelectricas.com\/#\/schema\/logo\/image\/"}}]}},"_links":{"self":[{"href":"https:\/\/www.coopelectricas.com\/val\/wp-json\/wp\/v2\/pages\/1722","targetHints":{"allow":["GET"]}}],"collection":[{"href":"https:\/\/www.coopelectricas.com\/val\/wp-json\/wp\/v2\/pages"}],"about":[{"href":"https:\/\/www.coopelectricas.com\/val\/wp-json\/wp\/v2\/types\/page"}],"author":[{"embeddable":true,"href":"https:\/\/www.coopelectricas.com\/val\/wp-json\/wp\/v2\/users\/1"}],"replies":[{"embeddable":true,"href":"https:\/\/www.coopelectricas.com\/val\/wp-json\/wp\/v2\/comments?post=1722"}],"version-history":[{"count":0,"href":"https:\/\/www.coopelectricas.com\/val\/wp-json\/wp\/v2\/pages\/1722\/revisions"}],"wp:attachment":[{"href":"https:\/\/www.coopelectricas.com\/val\/wp-json\/wp\/v2\/media?parent=1722"}],"curies":[{"name":"wp","href":"https:\/\/api.w.org\/{rel}","templated":true}]}}