{"id":1727,"date":"2021-04-28T17:15:58","date_gmt":"2021-04-28T15:15:58","guid":{"rendered":"https:\/\/www.coopelectricas.com\/politica-de-privacitat\/"},"modified":"2021-04-30T10:10:56","modified_gmt":"2021-04-30T08:10:56","slug":"politica-de-privacitat","status":"publish","type":"page","link":"https:\/\/www.coopelectricas.com\/val\/politica-de-privacitat\/","title":{"rendered":"Pol\u00edtica de privacitat"},"content":{"rendered":"\t\t<div data-elementor-type=\"wp-page\" data-elementor-id=\"1727\" class=\"elementor elementor-1727 elementor-159\" data-elementor-post-type=\"page\">\n\t\t\t\t\t\t<section class=\"elementor-section elementor-top-section elementor-element elementor-element-46a7603 elementor-section-boxed elementor-section-height-default elementor-section-height-default elementor-invisible\" data-id=\"46a7603\" data-element_type=\"section\" data-e-type=\"section\" data-settings=\"{&quot;jet_parallax_layout_list&quot;:[{&quot;jet_parallax_layout_image&quot;:{&quot;url&quot;:&quot;&quot;,&quot;id&quot;:&quot;&quot;,&quot;size&quot;:&quot;&quot;},&quot;_id&quot;:&quot;d6da7c5&quot;,&quot;jet_parallax_layout_image_tablet&quot;:{&quot;url&quot;:&quot;&quot;,&quot;id&quot;:&quot;&quot;,&quot;size&quot;:&quot;&quot;},&quot;jet_parallax_layout_image_mobile&quot;:{&quot;url&quot;:&quot;&quot;,&quot;id&quot;:&quot;&quot;,&quot;size&quot;:&quot;&quot;},&quot;jet_parallax_layout_speed&quot;:{&quot;unit&quot;:&quot;%&quot;,&quot;size&quot;:50,&quot;sizes&quot;:[]},&quot;jet_parallax_layout_type&quot;:&quot;scroll&quot;,&quot;jet_parallax_layout_direction&quot;:&quot;1&quot;,&quot;jet_parallax_layout_fx_direction&quot;:null,&quot;jet_parallax_layout_z_index&quot;:&quot;&quot;,&quot;jet_parallax_layout_bg_x&quot;:50,&quot;jet_parallax_layout_bg_x_tablet&quot;:&quot;&quot;,&quot;jet_parallax_layout_bg_x_mobile&quot;:&quot;&quot;,&quot;jet_parallax_layout_bg_y&quot;:50,&quot;jet_parallax_layout_bg_y_tablet&quot;:&quot;&quot;,&quot;jet_parallax_layout_bg_y_mobile&quot;:&quot;&quot;,&quot;jet_parallax_layout_bg_size&quot;:&quot;auto&quot;,&quot;jet_parallax_layout_bg_size_tablet&quot;:&quot;&quot;,&quot;jet_parallax_layout_bg_size_mobile&quot;:&quot;&quot;,&quot;jet_parallax_layout_animation_prop&quot;:&quot;transform&quot;,&quot;jet_parallax_layout_on&quot;:[&quot;desktop&quot;,&quot;tablet&quot;]}],&quot;animation&quot;:&quot;fadeInUp&quot;}\">\n\t\t\t\t\t\t<div class=\"elementor-container elementor-column-gap-wider\">\n\t\t\t\t\t<div class=\"elementor-column elementor-col-100 elementor-top-column elementor-element elementor-element-0f92db6\" data-id=\"0f92db6\" data-element_type=\"column\" data-e-type=\"column\" data-settings=\"{&quot;background_background&quot;:&quot;classic&quot;}\">\n\t\t\t<div class=\"elementor-widget-wrap elementor-element-populated\">\n\t\t\t\t\t\t<div class=\"elementor-element elementor-element-9538ac1 elementor-widget elementor-widget-text-editor\" data-id=\"9538ac1\" data-element_type=\"widget\" data-e-type=\"widget\" data-widget_type=\"text-editor.default\">\n\t\t\t\t<div class=\"elementor-widget-container\">\n\t\t\t\t\t\t\t\t\t<p><strong>1. IDENTIDAD DEL RESPONSABLE DEL TRATAMIENTO<\/strong><\/p>\n<p><strong>\u00a0<\/strong><strong>Federaci\u00f3n Cooperativas Electricas Comunidad Valenciana <\/strong>con CIF F46601357, en adelante el RESPTTO, con domicilio en Valencia (Valencia), en C\/ Caballeros 26, y correo electr\u00f3nico <a href=\"mailto:info@coopelectricas.com\">info@coopelectricas.com<strong>,<\/strong><\/a> es el Titular de \u00e9sta Web y Responsable del Tratamiento de Datos Personales del Usuario y le informa que la informaci\u00f3n facilitada ser\u00e1 tratada de conformidad con lo dispuesto por el Reglamento UE de Protecci\u00f3n de Datos 679\/2016 y la Ley Org\u00e1nica 3\/2018 de Protecci\u00f3n de Datos Personales y garant\u00eda de los derechos digitales), inform\u00e1ndole que:<\/p>\n<p><strong>2. FINALIDADES Y LEGITIMACI\u00d3N DEL TRATAMIENTO<\/strong><\/p>\n<p>Atender las consultas de los usuarios realizadas a trav\u00e9s del formulario de contacto. La legitimatici\u00f3n del tratamiento est\u00e1 basado en el consentimiento que se le solicita.<\/p>\n<p>Enviarle comunicaciones informativas y\/o promocionales si Vd. facilita sus datos de contacto y consentimiento.<\/p>\n<p><strong>3. PLAZOS DE CONSERVACI\u00d3N<\/strong><\/p>\n<p>Los datos proporcionados se conservar\u00e1n hasta que el Usuario solicite la supresi\u00f3n de sus datos. Una vez comunicado por parte del interesado la supresi\u00f3n de sus datos, se proceder\u00e1 a su bloqueo y posterior cancelaci\u00f3n en nuestros ficheros o devoluci\u00f3n al titular de los datos, seg\u00fan el caso, de los soportes en los que se recoja la informaci\u00f3n facilitada, sin que se admita la conservaci\u00f3n de copias de dicha informaci\u00f3n.<\/p>\n<p><strong>4. COMUNICACI\u00d3N DE LAS DATOS A TERCEROS<\/strong><\/p>\n<p>Sus datos \u00fanicamente ser\u00e1n utilizados para los fines antes se\u00f1alados y no ser\u00e1n cedidos a terceros, salvo aquellas comunicaciones a las Autoridades, Organismos u Oficinas de las Administraciones P\u00fablicas que fueran consentidas por el Usuario o persona autorizada por \u00e9l\/ella para el adecuado cumplimiento de las obligaciones nacidas de los servicios prestados, o que resultaren preceptivas o autorizadas por Ley.<\/p>\n<p><strong>5. DEBER DE CONFIDENCIALIDAD<\/strong><\/p>\n<p>El RESPTTO garantiza la confidencialidad de los datos personales que obren en sus ficheros y adoptar\u00e1 las medidas reglamentarias que eviten, en la medida de lo posible, su alteraci\u00f3n, p\u00e9rdida, tratamiento o acceso no autorizado.<\/p>\n<p><strong>6. EJERCICIO DE DERECHOS<\/strong><\/p>\n<p>El Usuario tiene derecho a acceder a sus datos personales, rectificar los datos inexactos o solicitar su supresi\u00f3n cuando los datos ya no sean necesarios. En determinadas ocasiones los interesados podr\u00e1n solicitar la limitaci\u00f3n del tratamiento de sus datos, en cuyo caso \u00fanicamente los conservaremos para el ejercicio o la defensa de reclamaciones. El Usuario puede ejercitar sus derechos debiendo dirigir su petici\u00f3n por escrito e identific\u00e1ndose suficientemente a la direcci\u00f3n electr\u00f3nica <a href=\"mailto:info@coopelectricas.com\"><strong>info@coopelectricas.com<\/strong>.<\/a> Tambi\u00e9n tiene derecho a retirar su consentimiento al tratamiento de sus datos personales en cualquier momento y a presentar la reclamaci\u00f3n que considere oportuna ante la Autoridad de Control.<\/p>\n\t\t\t\t\t\t\t\t<\/div>\n\t\t\t\t<\/div>\n\t\t\t\t\t<\/div>\n\t\t<\/div>\n\t\t\t\t\t<\/div>\n\t\t<\/section>\n\t\t\t\t<\/div>\n\t\t","protected":false},"excerpt":{"rendered":"<p>1. IDENTIDAD DEL RESPONSABLE DEL TRATAMIENTO &nbsp;Federaci\u00f3n Cooperativas Electricas Comunidad Valenciana con CIF F46601357, en adelante el RESPTTO, con domicilio en Valencia (Valencia), en C\/ Caballeros 26, y correo electr\u00f3nico info@coopelectricas.com, es el Titular de \u00e9sta Web y Responsable del Tratamiento de Datos Personales del Usuario y le informa que la informaci\u00f3n facilitada ser\u00e1 tratada [&hellip;]<\/p>\n","protected":false},"author":1,"featured_media":0,"parent":0,"menu_order":99,"comment_status":"closed","ping_status":"closed","template":"","meta":{"footnotes":""},"class_list":["post-1727","page","type-page","status-publish","hentry"],"yoast_head":"<!-- This site is optimized with the Yoast SEO plugin v27.4 - https:\/\/yoast.com\/product\/yoast-seo-wordpress\/ -->\n<title>Pol\u00edtica de privacitat - Federaci\u00f3n de Cooperativas El\u00e9ctricas<\/title>\n<meta name=\"robots\" content=\"noindex, nofollow\" \/>\n<meta property=\"og:locale\" content=\"en_US\" \/>\n<meta property=\"og:type\" content=\"article\" \/>\n<meta property=\"og:title\" content=\"Pol\u00edtica de privacitat - Federaci\u00f3n de Cooperativas El\u00e9ctricas\" \/>\n<meta property=\"og:description\" content=\"1. IDENTIDAD DEL RESPONSABLE DEL TRATAMIENTO &nbsp;Federaci\u00f3n Cooperativas Electricas Comunidad Valenciana con CIF F46601357, en adelante el RESPTTO, con domicilio en Valencia (Valencia), en C\/ Caballeros 26, y correo electr\u00f3nico info@coopelectricas.com, es el Titular de \u00e9sta Web y Responsable del Tratamiento de Datos Personales del Usuario y le informa que la informaci\u00f3n facilitada ser\u00e1 tratada [&hellip;]\" \/>\n<meta property=\"og:url\" content=\"https:\/\/www.coopelectricas.com\/val\/politica-de-privacitat\/\" \/>\n<meta property=\"og:site_name\" content=\"Federaci\u00f3n de Cooperativas El\u00e9ctricas\" \/>\n<meta property=\"article:modified_time\" content=\"2021-04-30T08:10:56+00:00\" \/>\n<meta name=\"twitter:card\" content=\"summary_large_image\" \/>\n<meta name=\"twitter:label1\" content=\"Est. reading time\" \/>\n\t<meta name=\"twitter:data1\" content=\"2 minuts\" \/>\n<script type=\"application\/ld+json\" class=\"yoast-schema-graph\">{\"@context\":\"https:\\\/\\\/schema.org\",\"@graph\":[{\"@type\":\"WebPage\",\"@id\":\"https:\\\/\\\/www.coopelectricas.com\\\/val\\\/politica-de-privacitat\\\/\",\"url\":\"https:\\\/\\\/www.coopelectricas.com\\\/val\\\/politica-de-privacitat\\\/\",\"name\":\"Pol\u00edtica de privacitat - Federaci\u00f3n de Cooperativas El\u00e9ctricas\",\"isPartOf\":{\"@id\":\"https:\\\/\\\/www.coopelectricas.com\\\/#website\"},\"datePublished\":\"2021-04-28T15:15:58+00:00\",\"dateModified\":\"2021-04-30T08:10:56+00:00\",\"breadcrumb\":{\"@id\":\"https:\\\/\\\/www.coopelectricas.com\\\/val\\\/politica-de-privacitat\\\/#breadcrumb\"},\"inLanguage\":\"ca\",\"potentialAction\":[{\"@type\":\"ReadAction\",\"target\":[\"https:\\\/\\\/www.coopelectricas.com\\\/val\\\/politica-de-privacitat\\\/\"]}]},{\"@type\":\"BreadcrumbList\",\"@id\":\"https:\\\/\\\/www.coopelectricas.com\\\/val\\\/politica-de-privacitat\\\/#breadcrumb\",\"itemListElement\":[{\"@type\":\"ListItem\",\"position\":1,\"name\":\"Portada\",\"item\":\"https:\\\/\\\/www.coopelectricas.com\\\/\"},{\"@type\":\"ListItem\",\"position\":2,\"name\":\"Pol\u00edtica de privacitat\"}]},{\"@type\":\"WebSite\",\"@id\":\"https:\\\/\\\/www.coopelectricas.com\\\/#website\",\"url\":\"https:\\\/\\\/www.coopelectricas.com\\\/\",\"name\":\"Federaci\u00f3n de Cooperativas El\u00e9ctricas\",\"description\":\"\",\"publisher\":{\"@id\":\"https:\\\/\\\/www.coopelectricas.com\\\/#organization\"},\"potentialAction\":[{\"@type\":\"SearchAction\",\"target\":{\"@type\":\"EntryPoint\",\"urlTemplate\":\"https:\\\/\\\/www.coopelectricas.com\\\/?s={search_term_string}\"},\"query-input\":{\"@type\":\"PropertyValueSpecification\",\"valueRequired\":true,\"valueName\":\"search_term_string\"}}],\"inLanguage\":\"ca\"},{\"@type\":\"Organization\",\"@id\":\"https:\\\/\\\/www.coopelectricas.com\\\/#organization\",\"name\":\"Federaci\u00f3n de Cooperativas El\u00e9ctricas Comunidad Valenciana\",\"url\":\"https:\\\/\\\/www.coopelectricas.com\\\/\",\"logo\":{\"@type\":\"ImageObject\",\"inLanguage\":\"ca\",\"@id\":\"https:\\\/\\\/www.coopelectricas.com\\\/#\\\/schema\\\/logo\\\/image\\\/\",\"url\":\"https:\\\/\\\/www.coopelectricas.com\\\/wp-content\\\/uploads\\\/2021\\\/02\\\/federacion-cooperativas-electricas-logo.jpg\",\"contentUrl\":\"https:\\\/\\\/www.coopelectricas.com\\\/wp-content\\\/uploads\\\/2021\\\/02\\\/federacion-cooperativas-electricas-logo.jpg\",\"width\":323,\"height\":101,\"caption\":\"Federaci\u00f3n de Cooperativas El\u00e9ctricas Comunidad Valenciana\"},\"image\":{\"@id\":\"https:\\\/\\\/www.coopelectricas.com\\\/#\\\/schema\\\/logo\\\/image\\\/\"}}]}<\/script>\n<!-- \/ Yoast SEO plugin. -->","yoast_head_json":{"title":"Pol\u00edtica de privacitat - Federaci\u00f3n de Cooperativas El\u00e9ctricas","robots":{"index":"noindex","follow":"nofollow"},"og_locale":"en_US","og_type":"article","og_title":"Pol\u00edtica de privacitat - Federaci\u00f3n de Cooperativas El\u00e9ctricas","og_description":"1. IDENTIDAD DEL RESPONSABLE DEL TRATAMIENTO &nbsp;Federaci\u00f3n Cooperativas Electricas Comunidad Valenciana con CIF F46601357, en adelante el RESPTTO, con domicilio en Valencia (Valencia), en C\/ Caballeros 26, y correo electr\u00f3nico info@coopelectricas.com, es el Titular de \u00e9sta Web y Responsable del Tratamiento de Datos Personales del Usuario y le informa que la informaci\u00f3n facilitada ser\u00e1 tratada [&hellip;]","og_url":"https:\/\/www.coopelectricas.com\/val\/politica-de-privacitat\/","og_site_name":"Federaci\u00f3n de Cooperativas El\u00e9ctricas","article_modified_time":"2021-04-30T08:10:56+00:00","twitter_card":"summary_large_image","twitter_misc":{"Est. reading time":"2 minuts"},"schema":{"@context":"https:\/\/schema.org","@graph":[{"@type":"WebPage","@id":"https:\/\/www.coopelectricas.com\/val\/politica-de-privacitat\/","url":"https:\/\/www.coopelectricas.com\/val\/politica-de-privacitat\/","name":"Pol\u00edtica de privacitat - Federaci\u00f3n de Cooperativas El\u00e9ctricas","isPartOf":{"@id":"https:\/\/www.coopelectricas.com\/#website"},"datePublished":"2021-04-28T15:15:58+00:00","dateModified":"2021-04-30T08:10:56+00:00","breadcrumb":{"@id":"https:\/\/www.coopelectricas.com\/val\/politica-de-privacitat\/#breadcrumb"},"inLanguage":"ca","potentialAction":[{"@type":"ReadAction","target":["https:\/\/www.coopelectricas.com\/val\/politica-de-privacitat\/"]}]},{"@type":"BreadcrumbList","@id":"https:\/\/www.coopelectricas.com\/val\/politica-de-privacitat\/#breadcrumb","itemListElement":[{"@type":"ListItem","position":1,"name":"Portada","item":"https:\/\/www.coopelectricas.com\/"},{"@type":"ListItem","position":2,"name":"Pol\u00edtica de privacitat"}]},{"@type":"WebSite","@id":"https:\/\/www.coopelectricas.com\/#website","url":"https:\/\/www.coopelectricas.com\/","name":"Federaci\u00f3n de Cooperativas El\u00e9ctricas","description":"","publisher":{"@id":"https:\/\/www.coopelectricas.com\/#organization"},"potentialAction":[{"@type":"SearchAction","target":{"@type":"EntryPoint","urlTemplate":"https:\/\/www.coopelectricas.com\/?s={search_term_string}"},"query-input":{"@type":"PropertyValueSpecification","valueRequired":true,"valueName":"search_term_string"}}],"inLanguage":"ca"},{"@type":"Organization","@id":"https:\/\/www.coopelectricas.com\/#organization","name":"Federaci\u00f3n de Cooperativas El\u00e9ctricas Comunidad Valenciana","url":"https:\/\/www.coopelectricas.com\/","logo":{"@type":"ImageObject","inLanguage":"ca","@id":"https:\/\/www.coopelectricas.com\/#\/schema\/logo\/image\/","url":"https:\/\/www.coopelectricas.com\/wp-content\/uploads\/2021\/02\/federacion-cooperativas-electricas-logo.jpg","contentUrl":"https:\/\/www.coopelectricas.com\/wp-content\/uploads\/2021\/02\/federacion-cooperativas-electricas-logo.jpg","width":323,"height":101,"caption":"Federaci\u00f3n de Cooperativas El\u00e9ctricas Comunidad Valenciana"},"image":{"@id":"https:\/\/www.coopelectricas.com\/#\/schema\/logo\/image\/"}}]}},"_links":{"self":[{"href":"https:\/\/www.coopelectricas.com\/val\/wp-json\/wp\/v2\/pages\/1727","targetHints":{"allow":["GET"]}}],"collection":[{"href":"https:\/\/www.coopelectricas.com\/val\/wp-json\/wp\/v2\/pages"}],"about":[{"href":"https:\/\/www.coopelectricas.com\/val\/wp-json\/wp\/v2\/types\/page"}],"author":[{"embeddable":true,"href":"https:\/\/www.coopelectricas.com\/val\/wp-json\/wp\/v2\/users\/1"}],"replies":[{"embeddable":true,"href":"https:\/\/www.coopelectricas.com\/val\/wp-json\/wp\/v2\/comments?post=1727"}],"version-history":[{"count":0,"href":"https:\/\/www.coopelectricas.com\/val\/wp-json\/wp\/v2\/pages\/1727\/revisions"}],"wp:attachment":[{"href":"https:\/\/www.coopelectricas.com\/val\/wp-json\/wp\/v2\/media?parent=1727"}],"curies":[{"name":"wp","href":"https:\/\/api.w.org\/{rel}","templated":true}]}}